
In base 9, what is 11784644 + -2?
11784642
In base 8, what is -153746650 - -6?
-153746642
In base 3, what is -20202010 + -1202201?
-22111211
In base 6, what is -223 - 21042511?
-21043134
In base 2, what is 11110010010100101011110 - -111?
11110010010100101100101
In base 8, what is -514 + -2603072?
-2603606
In base 5, what is 123233431 - 4201?
123224230
In base 15, what is 17b2c40 - -7?
17b2c47
In base 15, what is -3453 + 1a9c?
-18a6
In base 4, what is -1203 + 23113330?
23112121
In base 10, what is -670 + 8781?
8111
In base 4, what is -323131000 - 2?
-323131002
In base 3, what is 1110012011021 + -2102?
1110012001212
In base 5, what is -1222223420 - 4?
-1222223424
In base 10, what is -7330528 + -34?
-7330562
In base 16, what is -90463 - 246?
-906a9
In base 15, what is -10 - 19658?
-19668
In base 7, what is -15626146 + 26?
-15626120
In base 9, what is -1443765 - -5?
-1443760
In base 5, what is 3404 + -11123223?
-11114314
In base 14, what is -220bc05 - 1?
-220bc06
In base 5, what is 0 + -404130133?
-404130133
In base 15, what is 8c3e7d + 2?
8c3e80
In base 16, what is 74084 - c1?
73fc3
In base 12, what is 2526016 + -2a?
2525ba8
In base 6, what is 31325511450 + 1?
31325511451
In base 4, what is 111201 + -132120?
-20313
In base 13, what is 8b7 + -6ab2?
-61c8
In base 2, what is 100001 + -10001001111000011101110?
-10001001111000011001101
In base 12, what is -7 - 2a2384a?
-2a23855
In base 7, what is 103 - -2413255?
2413361
In base 6, what is 110 + -34103?
-33553
In base 4, what is 0 + 32223231221?
32223231221
In base 12, what is -13bab - -18?
-13b93
In base 11, what is 10156 + -1155?
a001
In base 4, what is 11 - -3231030122022?
3231030122033
In base 13, what is -7 - 11a9c5?
-11a9cc
In base 15, what is -1a25 + -2e1b0?
-30bd5
In base 11, what is -2609a6 + 134?
-260872
In base 14, what is 2803 + 97?
289a
In base 2, what is 1011000011011 + 1001101010001100?
1011000010100111
In base 6, what is -2245 + 21210?
14521
In base 10, what is 0 + 164315577?
164315577
In base 16, what is 1dd236 + -1?
1dd235
In base 2, what is -1110 + 101111111111001111?
101111111111000001
In base 4, what is 3122102032 + 3?
3122102101
In base 16, what is 23f3 + 138?
252b
In base 16, what is 0 - -33f7ba?
33f7ba
In base 14, what is 208681 - b?
208674
In base 8, what is 207574 + -53?
207521
In base 7, what is 23 - 1032042640?
-1032042614
In base 4, what is -33211221 - -20?
-33211201
In base 2, what is 1111101011110 - -1110011111?
10001011111101
In base 6, what is 23 - -33341554?
33342021
In base 13, what is 20a3c5 - -289?
20a681
In base 16, what is -3 - -8ced6?
8ced3
In base 15, what is 3 - 4071d?
-4071a
In base 16, what is 1396561 - -2?
1396563
In base 7, what is -121 + -51301612?
-51302033
In base 9, what is -186 - -70542?
70345
In base 5, what is 442223 - -2002?
444230
In base 7, what is -146220 + -633?
-150153
In base 15, what is -322 - 23da?
-270c
In base 2, what is -1000011010101110 + 11010100?
-1000010111011010
In base 11, what is -9 + -3024322?
-3024330
In base 2, what is -101 + 1101001001011010000100?
1101001001011001111111
In base 14, what is 6d2 - -223?
915
In base 14, what is 1319 + -592?
b67
In base 15, what is -d98c + -423?
-ddb0
In base 5, what is 0 + 202011242?
202011242
In base 16, what is -348 - 49d?
-7e5
In base 4, what is 1010223200 + -201?
1010222333
In base 2, what is -100100000101 + 1010010010?
-11001110011
In base 2, what is -10000110111010100010111110 + -100?
-10000110111010100011000010
In base 7, what is 446 - 442221?
-441442
In base 16, what is -1989 - 8454?
-9ddd
In base 7, what is 2 - 4523641633?
-4523641631
In base 3, what is -2012111101 - 221000?
-2020102101
In base 3, what is -22020222 + -2011002112?
-2110100111
In base 12, what is b2 + 4243b?
42531
In base 3, what is 21102202 + -210202111?
-112022202
In base 13, what is 7b6846 + -32?
7b6814
In base 2, what is 110010001001111 + -1010000?
110001111111111
In base 2, what is 100010100111111111101111 - -11?
100010100111111111110010
In base 14, what is 0 + 663c56?
663c56
In base 7, what is -103 - -31355053?
31354650
In base 8, what is 24 - 35754773?
-35754747
In base 8, what is 74512121 - 2?
74512117
In base 6, what is -3221050100 - -2?
-3221050054
In base 7, what is 503246 + 64356?
600635
In base 13, what is 94 + 5973b?
59802
In base 9, what is -20815551 - -37?
-20815513
In base 8, what is 1 - 20414525?
-20414524
In base 10, what is 18938 + -245?
18693
In base 13, what is -2a - -40977c?
409752
In base 12, what is -144ba - 381?
-1487b
In base 2, what is -1101010000 - 100000101010101011100?
-100000101100010101100
In base 12, what is 2b8 + 13488?
13784
In base 15, what is -32 - -13d6a0?
13d66d
In base 14, what is -10b6b3c + 4?
-10b6b38
In base 14, what is 536a3c - -3?
536a41
In base 15, what is 740 + -55a4?
-4d64
In base 16, what is -185a8c0 + 1?
-185a8bf
In base 15, what is -c - -197a2a?
197a1d
In base 12, what is 20 - -24ab689?
24ab6a9
In base 11, what is -229a5a + 22?
-229a38
In base 15, what is 81e78c + -c?
81e780
In base 10, what is 4 + 6442018?
6442022
In base 16, what is 1069c + 14?
106b0
In base 14, what is 8a - -637c7?
63873
In base 10, what is 1776683 + 0?
1776683
In base 10, what is -392 + -64061?
-64453
In base 11, what is 0 + 143232a22?
143232a22
In base 7, what is -1134 + -35000?
-36134
In base 15, what is -1e2a + -1449?
-3374
In base 14, what is -1b - 6ccb8?
-6ccd5
In base 7, what is 46434 + -12313?
34121
In base 11, what is 46 - -93073?
93109
In base 9, what is -180766 - -42?
-180724
In base 15, what is 3d824 + -1?
3d823
In base 14, what is -3 - 63a3a1?
-63a3a4
In base 3, what is 2110122 - 2021211?
11211
In base 9, what is -627110 + 46?
-627053
In base 11, what is 837163192 - -1?
837163193
In base 13, what is -51278c4 - -4?
-51278c0
In base 13, what is 25915 + b?
25923
In base 14, what is -1d05014 + -5?
-1d05019
In base 11, what is 5 + 60007897?
600078a1
In base 15, what is -1eea793 + 2?
-1eea791
In base 10, what is 0 - -108774661?
108774661
In base 4, what is -3 + 32113311331?
32113311322
In base 13, what is 4 + -57b46a8?
-57b46a4
In base 3, what is 2210121022 + -110001?
2210011021
In base 16, what is 10b88 - -2af?
10e37
In base 2, what is -1010110101001 - -101001011100?
-101101001101
In base 4, what is -33113220201032 + 10?
-33113220201022
In base 2, what is -1000011010100011101000 + -101?
-1000011010100011101101
In base 13, what is -513c29c + 1?
-513c29b
In base 8, what is 31 - 5164124?
-5164073
In base 6, what is 24 + -3024320?
-3024252
In base 5, what is 10 - 212234430434?
-212234430424
In base 5, what is 1423 - -10140140?
10142113
In base 7, what is -302142302 - -24?
-302142245
In base 15, what is be8e49 - -43?
be8e8c
In base 11, what is -1483 + -25a8?
-3a80
In base 11, what is -a4 - -240a11?
240918
In base 4, what is 122 - -231111311302?
231111312030
In base 6, what is 32500 + 20013?
52513
In base 15, what is -5 - -492c30?
492c2a
In base 4, what is 120002 - -1230200?
2010202
In base 16, what is 2e52 - 259e?
8b4
In base 14, what is -5c3 + 711?
12c
In base 4, what is -11120022032301 + -12?
-11120022032313
In base 16, what is 139b - acb?
8d0
In base 16, what is 2 - 53540a?
-535408
In base 8, what is -14441625 - -35?
-14441570
In base 13, what is -30b8b - 252?
-31110
In base 14, what is 1 + 43b35bd?
43b35c0
In base 7, what is 4452 - 31110?
-23325
In base 16, what is -e7364 + 6?
-e735e
In base 4, what is 31 - -121231112210?
121231112301
In base 5, what is -4133 - 1223220?
-1232403
In base 15, what is 80719b - -3?
80719e
In base 8, what is 31317031 - 7?
31317022
In base 5, what is -1 - -441121034404?
441121034403
In base 16, what is -3dc - 6f4db?
-6f8b7
In base 5, what is 12404010413 + 4?
12404010422
In base 16, what is -740b + d6?
-7335
In base 14, what is -1 + -168111?
-168112
In base 6, what is -2320110 - -11?
-2320055
In base 11, what is -49878a5 + 4?
-49878a1
In base 15, what is -19dabc27 - -2?
-19dabc25
In base 9, what is 1236557115 - -2?
1236557117
In base 8, what is -256163 - -306?
-255655
In base 14, what is 57c00d - -3?
57c012
In base 16, what is -33c + -d441?
-d77d
In base 2, what is 1010011011010001110110110100 + -11?
1010011011010001110110110001
In base 5, what is -132 - 42204010?
-42204142
In base 15, what is 552b6 + 591?
55857
In base 15, what is 809c8c - 3?
809c89
In base 10, 